ppose 4*k - 19 = 5*d - 98, -d + k = -16. Suppose -q*v - 348 = -d*v. What is the tens digit of v?
2
Let r = 1857 - -4953. What is the thousands digit of r?
6
Suppose 2*m + 14659 = 3*d, -5*d + 227*m + 24433 = 223*m. What is the tens digit of d?
8
Let k(l) = 4*l**2 - 6*l - 1. Let g be k(-5). Let y = g - 85. What is the units digit of y?
4
Suppose -11*y = -2*y + 207. Let r = y + -18. Let w = r + 54. What is the units digit of w?
3
Suppose 3*a + 10*a - 17771 = 0. Suppose -5*w + 3*c = -a, -5*w + 6*c - 2*c + 1366 = 0. What is the units digit of w?
4
Suppose -483*i = -500*i + 21079 + 160549. What is the thousands digit of i?
0
Suppose 0 = 46*s - 107619 + 7017. What is the hundreds digit of s?
1
Suppose -j + 39669 = -2*h, 5*h = -5*j + 72228 + 126132. What is the ten thousands digit of j?
3
Suppose 3*m = 4*c - 121319, 0 = -2*c + 104*m - 100*m + 60642. What is the hundreds digit of c?
3
Let g(p) = -p**3 + 5*p**2 + 2*p + 89. What is the units digit of g(-17)?
3
Let f = -17295 - -25720. What is the tens digit of f?
2
Let x = 180 + -175. Let t(m) = 2*m**3 - m**2 + 11*m + 13. What is the tens digit of t(x)?
9
Suppose t - 13 = -5*i, 3*t = -2*i + 5*t - 2. Suppose -4*a = 8, -12 = i*d - 3*d + 3*a. What is the units digit of (-328)/12*d/(-4)?
1
Suppose u = 4, -v + 5*u = 2*v - 130. Let x(s) = s**3 - 2*s**2 - 3*s + 80. Let r be x(0). Suppose 4*y - r = -3*q, -y + v = q + q. What is the tens digit of q?
2
Let y(c) be the third derivative of c**7/420 - c**5/40 - 2*c**4/3 - 11*c**2. Let r(u) be the second derivative of y(u). What is the units digit of r(-3)?
1
What is the hundreds digit of ((-14)/(-8) - 2)/(2 + 175076/(-87536))?
4
Suppose 0 = -3*g - 0*g - 2*y + 265, 5*y = -20. Let q = g - 101. What is the units digit of (0 + 5/q)*-18?
9
Let v(f) = -7284*f + 2021. What is the units digit of v(-6)?
5
Let l(h) = -h**2 + 3*h + 4. Let k be l(5). Let w = 1407 - 1412. What is the tens digit of 22/k*w - 4/3?
1
Let k(a) = -5 + 16 + 4*a + 2*a - 8 + 16. Let j = 4 + 7. What is the tens digit of k(j)?
8
Let r(q) = 9*q - 20. Let o = 44 - 47. Let w(i) = 18*i - 41. Let c(k) = o*w(k) + 7*r(k). What is the tens digit of c(6)?
3
Suppose 3*c + 95 = 23. Let m(l) = -2*l - 48. Let x be m(c). Suppose -a + 134 = 5*v, 5*a = -x*v - 2*v + 555. What is the units digit of a?
9
What is the tens digit of (-280 + 9 + -9)*-21?
8
Suppose 0 = -g + 2*c + c - 148, -g - 169 = 4*c. What is the hundreds digit of 8/(-10)*g + (-52)/(-130)?
1
Let c(i) = i**2 + 27*i - 61. Let z be c(-29). What is the hundreds digit of -1 - 1 - (z - 452 - -2)?
4
Let p = -119 + 286. Suppose -1749 = 164*g - p*g. What is the tens digit of g?
8
Let r be ((-8)/(-3))/(12/(-9) + 2). Suppose -5*q = -5*h, 0 = -7*h + 3*h - r*q. Suppose h = 23*v - 27*v + 268. What is the units digit of v?
7
What is the thousands digit of ((-4 - -14) + 313)*29?
9
Let s(a) = -11 + 443*a - 15 - 314*a. What is the hundreds digit of s(2)?
2
What is the hundreds digit of (-8 + -12734 + 8)*(3 - 20/5)?
7
Let z = 7906 + 1885. What is the hundreds digit of z?
7
Let b(f) = -58*f - 24. Let n be b(1). Suppose -3*i - 44 = 301. Let j = n - i. What is the units digit of j?
3
Suppose 0 = 4*s - 999*p + 998*p - 11314, -5*s + 14123 = 2*p. What is the units digit of s?
7
Let p be (-1)/(-5) + (-95390)/(-50). Suppose -4*f + u - 2106 = -196, -4*f = -2*u + p. Let d = -301 - f. What is the tens digit of d?
7
Let y = -2250 + 4537. What is the units digit of y?
7
What is the tens digit of -9*26433/(-44) + 1/4?
0
What is the hundreds digit of (16/(-40) - (-88)/170) + 114918/17?
7
Suppose -3*d = -33 - 2691. Suppose -8*k + d = -4*k. What is the units digit of k?
7
Let z = -634 - -647. Suppose z*o + 4065 = 18*o. What is the units digit of o?
3
Suppose 0 = 2*z - 3*q + 11 - 31, 0 = 4*z + 2*q - 40. Suppose 0 = -m + z*m - 2934. What is the tens digit of m?
2
Suppose -x - 5*v + 17 = -0*v, 5*x + 3*v = 151. Suppose -832 = -5*s + 4*m, 0 = 2*m - 26 + x. What is the units digit of s?
4
Let z = 11 - 9. Let j be (3 - 4)*-10*z*1. Let q = 120 - j. What is the hundreds digit of q?
1
Suppose 3*f - 3121 - 254 = 0. Suppose -66*c + 92 = -172. Suppose c*w = -w + f. What is the tens digit of w?
2
Let q(u) = -260*u + 86*u + 45*u**3 - 7*u**2 + 88*u - 10 + 88*u. What is the hundreds digit of q(3)?
1
Let z = 797 - -2611. What is the hundreds digit of z?
4
Let m be 66*((-1)/1 + -1). Let f = -6376 - -6196. Let i = m - f. What is the tens digit of i?
4
Let n be 1700/17*20/(-75)*6. Suppose 5*j + 75 = -0*j. Let h = j - n. What is the hundreds digit of h?
1
Suppose 5 = 12*n - 10*n - 5*a, -3*n - 4*a = -19. Suppose n*o + 115 = 10*o. What is the units digit of o?
3
Let p be (-4)/(-6) - 194*172/(-6). Suppose 22*i = 4*i + p. What is the units digit of i?
9
Suppose 6 = 2*h + a, -3*h - h + 3*a = -12. Suppose 11*f = 14*f + 2*p - 1130, h*p = 5*f - 1877. What is the hundreds digit of f?
3
Let x(r) = r**3 + 34*r**2 + 38*r + 167. Let o be x(-33). What is the hundreds digit of o/(-7) + (-108450)/(-70)?
5
Let h(a) = a**3 - a**2 - 23*a. Suppose 3*q + 8 = q - 4*z, -3*z = 4*q - 9. What is the tens digit of h(q)?
4
Let n = 83860 - 40502. What is the thousands digit of n?
3
Let w(b) = -b + 2. Let g(l) = 74*l - 27. Let i(v) = 2*g(v) + 22*w(v). What is the tens digit of i(3)?
6
Suppose -5*f + 58 = 2*p - 5*p, -3*f - 4*p + 29 = 0. What is the units digit of 110/f - (4 + 4)?
2
Suppose 243*a - 5942525 = 2930620. What is the ten thousands digit of a?
3
Let b = -24971 + 25985. What is the thousands digit of b?
1
Let d(t) = 567*t**2 - 54*t + 48. What is the tens digit of d(-5)?
9
What is the tens digit of (-789)/1578 - ((-2)/4*4379 - 0)?
8
What is the thousands digit of (-73)/146 + 33/88*(0 - -43852)?
6
Let i(n) = -n**3 + 10*n**2 - 5*n + 18. Let u be (-5 + 9/2)*-4. Let p be -1*(u + -11)*(-8 + 9). What is the tens digit of i(p)?
5
Suppose 3 = 3*y - 5*k - 0*k, 24 = 2*y + 4*k. What is the units digit of (y + 6 + -7)*102?
0
Let g(i) = -3*i**2 + 85*i - 85. What is the tens digit of g(6)?
1
Suppose -5*r + 11 = -14. Suppose -r*j + 8*j = 9. Suppose j*f - 3*l - 150 = 306, l + 776 = 5*f. What is the hundreds digit of f?
1
Suppose h = 3*s + 985, -5*s - 2 = 3. Suppose -5*z + h + 1066 = -2*i, 3*z + 3*i - 1212 = 0. What is the tens digit of z?
0
Let j = -2519 - -4862. Suppose -3*s - 3*l = -j, -945 - 2179 = -4*s + 4*l. What is the hundreds digit of s?
7
Let p(y) = -39*y - 40. Let i = -421 - -416. What is the tens digit of p(i)?
5
Let k be (1/(-1))/(3/(-15)). Suppose k*g - 4 = 6. Suppose 0 = 4*l + g*z - 254, -z + 71 = l - 3*z. What is the tens digit of l?
6
Let i = 2835 - 598. Suppose -4*y + i = -3*x, -3*y + x - 273 = -1957. What is the tens digit of y?
6
Let z be -4 - (-3712)/(-7 + 5). Let j be ((-2)/(-4))/(10/z) + -4. Let m = -25 - j. What is the tens digit of m?
7
Let y(d) = 21*d + 1884. What is the units digit of y(-45)?
9
Suppose -6*m + 8 = -2*m. Suppose 11 - 41 = -m*w + 5*v, 2*v = w - 13. What is the tens digit of w/((-75)/144)*-15?
4
Let s(a) = 27868*a**3 - 2*a**2 - 24*a + 25. What is the hundreds digit of s(1)?
8
Let i be (-1 + 0)*(-4 + -3). Let c(a) = 49*a - 928. Let l be c(19). Suppose -l*s = -445 + i. What is the hundreds digit of s?
1
Let i(z) = 2*z**2 - 4*z - 3. Let u be i(4). Let f = u + -12. What is the tens digit of ((-1679)/23)/(f/(-1))?
7
Let r(s) = s**2 - 2*s - 31. Let y(j) = -35*j**3 - 2*j**2 + 1. Let f be y(1). Let i = -26 - f. What is the units digit of r(i)?
9
Let p be ((-2)/5)/((-2)/20). Let w = -18790 - -18794. Suppose -p*m + 2*g = -g - 838, -w*m + 4*g + 840 = 0. What is the units digit of m?
8
Suppose -2*f - 3 = -4*h + 9, 0 = 4*h - 4*f - 16. Suppose 5*v - 1 = 2*m - h, 2*v = 5*m - 13. What is the tens digit of (-19 + -3)*(12/(-8) + v)?
1
Suppose 5*o + 2*d = 7*o - 25190, 2*d = 5*o - 62987. What is the thousands digit of o?
2
Let v be (-195)/10*6/9. Let y(p) = 7*p - 26. Let x be y(v). Let h = -79 - x. What is the units digit of h?
8
Let f(p) = 4*p**3 + 117*p**2 + 82*p + 11. What is the units digit of f(-22)?
3
Let k(m) = -m**2 - 249*m + 9468. What is the tens digit of k(0)?
6
Let i(g) = 5*g**2 - g**2 + 6*g**2 - 7 - g. Let p = 2446 + -2449. What is the units digit of i(p)?
6
Suppose -4432 = -d - q, -57*d + 60*d = 4*q + 13303. What is the units digit of d?
3
Let m(u) = -u**2 - 6*u + 10. Let b be m(-7). Suppose -v + 2*o + 321 = 0, b*v - 4